- 43*v - 6. Calculate y(-2).
136
Let r(q) = -3*q**3 + 30*q + 17. Determine r(0).
17
Let n(t) = t**3 - 298*t**2 - 356*t + 17037. Calculate n(299).
-6
Let o(u) = 170*u - 709. Give o(4).
-29
Let r(x) = -4*x**2 + 48*x + 264. What is r(-5)?
-76
Let b(z) = -3*z**3 + 12*z**2 + 109*z - 421. Calculate b(6).
17
Let z(i) = -3*i**3 - 16*i**2 + 20*i + 51. Give z(-6).
3
Let q(d) = 36*d**2 - 114*d + 3. Give q(3).
-15
Let o(u) = -20*u**2 + 107*u - 12. Give o(5).
23
Let w(q) = 2477*q**2 + 12382*q + 1. Calculate w(-5).
16
Let q(t) = 52*t - 36. What is q(-4)?
-244
Let g(u) = u**2 - 90*u - 1236. Give g(102).
-12
Let s(c) = -c**3 + c**2 - 33*c - 69. Give s(-2).
9
Let u(r) = -12*r + 768. What is u(33)?
372
Let i(s) = -s**2 + 60*s + 4929. What is i(-47)?
-100
Let w(a) = -a**3 - 44*a**2 - 41*a + 238. Give w(-43).
152
Let a(x) = x + 28. Give a(-2).
26
Let s(y) = -y**2 + 503*y + 3571. Determine s(-7).
1
Let i(s) = -2*s**3 - 16*s**2 + 15*s + 12. Determine i(-6).
-222
Let f(h) = -1661*h - 13350. What is f(-8)?
-62
Let l(f) = -f**2 + 60*f - 12. Give l(0).
-12
Let h(c) = -c**3 - 10*c**2 + 77*c + 637. Give h(-12).
1
Let k(x) = 2*x**3 - 24*x**2 + 67*x + 4. Calculate k(4).
16
Let q(k) = -2*k**3 - 12*k**2 + 26*k + 69. What is q(-8)?
117
Let o(m) = -m**3 - 80*m**2 - 157*m - 76. Determine o(-78).
2
Let t(s) = 2*s**3 + 15*s**2 - 25*s + 2. Calculate t(-9).
-16
Let s(v) = 51*v + 1266. Give s(-27).
-111
Let u(s) = -2*s**2 - 9*s + 283. Calculate u(-15).
-32
Let x(y) = -526*y**2 - 24*y - 25. Calculate x(-1).
-527
Let g(z) = 5*z**3 - 7*z**2 - z + 32. What is g(4)?
236
Let c(o) = -4*o**2 - 178*o - 714. Calculate c(-39).
144
Let s(l) = -l**3 + 12*l**2 + 35*l - 97. Calculate s(14).
1
Let z(v) = -125*v - 895. Calculate z(-6).
-145
Let d(h) = -h**3 + 66*h**2 + 136*h + 60. Determine d(68).
60
Let a(f) = -15*f**2 - 67*f + 67. Give a(-5).
27
Let z(i) = 3*i**2 + 16*i - 60. Calculate z(3).
15
Let a(b) = -3*b**3 - 92*b + 193. What is a(2)?
-15
Let q(f) = 200*f - 195. Give q(1).
5
Let g(h) = -49*h**2 + 636*h + 12. What is g(13)?
-1
Let n(o) = o**3 + 6*o**2 - 46*o + 6. Calculate n(4).
-18
Let z(p) = p**3 - 10*p**2 - 17*p + 59. What is z(10)?
-111
Let c(b) = 3436*b - 27481. Determine c(8).
7
Let o(u) = -u**3 + 10*u**2 + 46*u - 253. Calculate o(12).
11
Let f(l) = -l**2 + 947*l + 10535. Calculate f(-11).
-3
Let a(w) = -24*w + 788. Calculate a(44).
-268
Let a(w) = w**3 - 7*w**2 + 6*w - 29. What is a(7)?
13
Let z(a) = a**3 - 14*a**2 - 5*a + 72. Give z(14).
2
Let j(x) = -23*x**2 - 66*x - 130. What is j(-2)?
-90
Let t(w) = -698*w + 4156. Determine t(6).
-32
Let s(w) = w**3 - 9*w**2 - 17*w + 70. Determine s(10).
0
Let c(b) = 2366*b - 9440. Give c(4).
24
Let k(l) = -l**3 + 20*l**2 + 35*l - 1288. Determine k(18).
-10
Let s(k) = k**3 - 8*k**2 - 25*k + 18. Calculate s(10).
-32
Let f(u) = -44*u - 35. Give f(-7).
273
Let b(y) = y**2 - 24*y - 384. What is b(38)?
148
Let d(x) = 34*x + 71. Determine d(-5).
-99
Let r(p) = -5*p**2 + 94*p + 1. Calculate r(19).
-18
Let p(a) = 5*a - 149. Calculate p(0).
-149
Let j(u) = 9*u**3 + 142*u**2 - 30*u + 36. Give j(-16).
4
Let d(y) = -168*y + 475. Give d(4).
-197
Let w(o) = o**2 - 15*o - 4. What is w(5)?
-54
Let n(y) = y**3 - 63*y**2 + 55*y + 468. What is n(62)?
34
Let m(g) = 192*g - 142. Give m(-2).
-526
Let f(n) = -113*n - 896. Determine f(-8).
8
Let n(c) = 33*c**2 - 7095*c + 14. Calculate n(215).
14
Let d(i) = -22*i - 236. What is d(-9)?
-38
Let v(t) = 3*t**3 + 21*t**2 + 58*t + 13. Determine v(-3).
-53
Let s(q) = -q**3 + 8*q**2 - 53*q + 338. Calculate s(7).
16
Let q(f) = f**3 - 19*f**2 - 113*f - 55. Determine q(24).
113
Let n(v) = v**3 - 5*v**2 - 20*v + 87. Give n(6).
3
Let n(h) = h**2 - 21*h + 137. What is n(7)?
39
Let n(c) = 2*c**3 + 124*c**2 - 119*c + 436. Calculate n(-63).
-5
Let i(v) = -3*v**2 - 338*v - 1907. Calculate i(-6).
13
Let h(v) = 142*v - 1094. Determine h(6).
-242
Let n(v) = -v**3 - 28*v**2 + 10*v + 26. Calculate n(-29).
577
Let n(j) = 191*j - 987. Calculate n(4).
-223
Let t(m) = 3*m**2 + 28*m - 12. Give t(-20).
628
Let d(m) = 3*m**2 + 937*m + 1227. What is d(-311)?
-17
Let x(s) = 8*s**2 + 12*s + 3. Determine x(4).
179
Let w(y) = -90*y - 205. Calculate w(-2).
-25
Let n(t) = -2*t**2 - 318*t + 627. What is n(2)?
-17
Let k(z) = 33*z + 126. What is k(-3)?
27
Let b(p) = 203*p**2 + 606*p + 10. What is b(-3)?
19
Let f(r) = 2*r**2 - 127*r + 792. Calculate f(7).
1
Let m(i) = 635*i + 79374. Give m(-125).
-1
Let f(i) = 60*i - 1023. Calculate f(16).
-63
Let d(p) = -20*p**2 + 874*p + 280. Determine d(44).
16
Let n(d) = d**2 + 16*d - 103. What is n(-21)?
2
Let f(q) = -6*q**2 - 3*q + 8. Give f(2).
-22
Let f(s) = -s**2 + 3*s + 31. Calculate f(17).
-207
Let u(g) = g**3 + 150*g**2 - 280*g + 3639. Determine u(-152).
-9
Let s(f) = 6*f**2 + 99*f + 429. Determine s(-8).
21
Let s(f) = 197*f - 1765. What is s(9)?
8
Let d(j) = -j**3 - 2*j**2 + 219*j + 1197. Calculate d(-12).
9
Let n(v) = v**2 + 21*v - 310. Calculate n(-31).
0
Let m(n) = -n**2 + 1186*n + 4774. Determine m(-4).
14
Let x(t) = 63*t + 371. Give x(-15).
-574
Let m(h) = 9*h**2 - 98*h + 213. Determine m(9).
60
Let n(d) = d**3 + 6*d**2 - 11*d + 1. Calculate n(-7).
29
Let c(w) = 2*w**2 - 89*w + 718. Determine c(33).
-41
Let g(b) = 106*b - 2587. What is g(25)?
63
Let p(y) = 32*y - 846. What is p(29)?
82
Let r(v) = -15*v**2 - 614*v + 46. Determine r(-41).
5
Let m(t) = 718*t - 51696. What is m(72)?
0
Let o(n) = 6*n**3 + 35*n**2 + 15*n - 10. Give o(-5).
40
Let a(x) = 168*x + 280. Calculate a(-3).
-224
Let s(z) = -z**2 + 3210*z + 22509. Give s(-7).
-10
Let p(n) = 43*n + 1882. Determine p(-42).
76
Let u(v) = 166*v + 31207. Determine u(-188).
-1
Let u(z) = z**3 - 13*z**2 + 11*z + 10. Calculate u(12).
-2
Let c(b) = -4*b**3 - 5*b + 275. What is c(0)?
275
Let h(t) = -151*t + 75. What is h(-2)?
377
Let b(j) = j**2 + 42*j + 162. Determine b(-33).
-135
Let u(w) = -19*w - 354. Give u(-22).
64
Let t(h) = -30*h + 627. What is t(26)?
-153
Let v(m) = -m**3 + 32*m**2 + 92*m - 3765. What is v(31)?
48
Let q(a) = -10317*a + 10325. Give q(1).
8
Let t(f) = 3*f**2 + 16*f + 108. Give t(-7).
143
Let w(s) = -297*s - 921. What is w(-3)?
-30
Let y(f) = 46*f - 1353. What is y(29)?
-19
Let y(m) = 2*m**2 + 163*m + 965. Give y(-75).
-10
Let q(k) = -2*k**2 + 2*k + 54. Determine q(-7).
-58
Let x(i) = -3*i**3 + 162*i**2 + 323*i - 14. Determine x(-2).
12
Let k(f) = 20*f - 468. What is k(24)?
12
Let j(g) = 695*g + 10434. What is j(-15)?
9
Let d(t) = -4*t**2 - 22*t + 51. Determine d(-7).
9
Let p(a) = 14*a**2 - 43*a - 34. Calculate p(6).
212
Let w(i) = 4*i**2 - 869*i - 1510. Determine w(219).
23
Let i(a) = a**3 - 2*a**2 - 25*a + 10. Determine i(6).
4
Let z(l) = -2*l**2 + 22*l + 99. Determine z(15).
-21
Let j(g) = -2334*g - 4668. Give j(-2).
0
Let r(m) = -m**2 + 12*m + 6716. Give r(88).
28
Let l(r) = r**3 + 23*r**2 + 63*r + 22. Determine l(-20).
-38
Let y(v) = -1284*v + 155371. Determine y(121).
7
Let h(i) = -2*i**3 - 19*i**2 - 3*i + 52. Give h(-9).
-2
Let g(v) = v**3 - 25*v**2 - 53*v - 235. Calculate g(27).
-208
Let l(v) = -v**3 - 18*v**2 - 30*v - 36. Give l(-16).
-68
Let j(m) = -11*m + 165. Calculate j(16).
-11
Let b(a) = -107*a**2 - 10*a + 1. Calculate b(1).
-116
Let v(u) = -u**3 - 19*u**2 - 72*u + 4. Determine v(-8).
-124
Let p(l) = 3*l - 4. Give p(-4).
-16
Let o(f) = 43*f**2 - 202*f + 127. Calculate o(4).
7
Let f(z) = z**3 - 41*z**2 - z + 1684. Give f(40).
44
Let k(g) = -7618*g - 106656. Determine k(-14).
-4
Let y(p) = p**3 + 6*p**2 + 20*p + 131. Determine y(-6).
11
Let z(c) = -c**3 + 55*c**2 - 85*c + 1696. Calculate z(54).
22
Let o(m) = -2*m**2 - 70*m - 129. Determine o(-33).
3
Let h(z) = -1338*z - 26652. What is h(-20)?
108
Let m(z) = 139*z**2 - 16*z - 18. Determine m(-1).
137
Let h(x) = -118*x - 1063. Calculate h(-9).
-1
Let o(c) = 77*c + 2234. Determine o(-29).
1
Let d(f) = 295*f + 4432. Determine d(-15).
7
Let z(o) = -2*o**2 - 17*o + 225. Calculate z(8).
-39
Let m(z) = -504*z - 2002. Calculate m(-4).
14
Let j(m) = 2*m**2 + 124*m + 98. Give j(-61).
-24
Let h(b) = b**3 + 14*b**2 + 30*b - 50. Determine h(-11).
-17
Let r(u) = 75*u + 270. Give r(-4).
-30
Let h(m) = -503*m + 495. Calculate h(1).
-8
Let r(p) = 28*p**2 + 1905*p + 55. Determine r(-68).
-13
Let b(h) = -h**3 + 72*h**2 + 468*h - 148. Determine b(78).
-148
Let a(j) = 30*j - 118. Give a(0).
-118
Let t(